8
Evaluate (-129 - -67) + -15 - (0 + 30).
-107
Evaluate -17 - ((50 - 39) + 13 - 99).
58
What is -15 + (17 - 14) + 5 + 56?
49
What is 67 - (21 - (-39 - -13))?
20
Calculate -44 - (-35 + -18 - -25) - -57.
41
-20 - (1437 + -1438 + (53 - 0))
-72
What is the value of 19 - (-12 - (-10 + -49 - 15))?
-43
What is the value of (-76 - -2) + (164 - 128)?
-38
Evaluate ((7 - 3) + -11 - -12) + 21.
26
7 - 10 - -28 - (-735 - -776)
-16
78 - (110 - 97) - 105
-40
Evaluate -187 - (-228 + (-10 - -152)).
-101
2 + (-7 - (3 + -2 + 26 + -14))
-18
What is 48 - 0 - (-73 + 5 + 48)?
68
Calculate -23 + 8 + -10 + 17 + -24.
-32
What is the value of 3 + 44 + -7 + 2 + -5?
37
What is -94 + 175 + -26 + -16?
39
Evaluate 3 + 63 + -76 + -64 + 118 + 20.
64
Evaluate -3 + 19 + (-29 - ((-4 - -6) + 1)).
-16
What is the value of 2 + 8 + (-1 - 12) + 0 + 21?
18
What is the value of -2653 + 2671 - (0 - 31)?
49
0 + 59 + -2 - (-22 + -7 + (28 - 8))
66
What is 114 - 67 - (11 + (23 - 8))?
21
What is (-2 - 3) + (-48 - (43 + -58))?
-38
What is -20 + -29 + (122 + -21 - 26)?
26
Calculate 4 + 0 + (7 - (-1 + -27 - -3)).
36
Evaluate 1419 - 1470 - (0 + -39) - (-64 + -2).
54
-47 + 9 + 10 + -33
-61
8 + (-3 - -5) - ((50 - (-13 - -19)) + 22)
-56
Evaluate 3 + 5 - (-12 + (59 - 7) + -15).
-17
What is the value of (81 - -126 - 274) + (6 - 0)?
-61
Calculate 3 - (43 + -3 + (-43 - (-7 - 32))).
-33
What is the value of -34 - (-42 - (11 + -73))?
-54
What is 17 + 7 - (-261 + 255) - (14 + 1)?
15
Evaluate -48 + (-25 - (-2 - -33)) - 40.
-144
Evaluate -55 - 1 - (12372 - 12425).
-3
What is (-11 - 19) + (-2 - -2 - 3 - (-22 - -14))?
-25
Evaluate 51 + 6 + 7 + -71.
-7
5 - -108 - 87 - (21 - -2)
3
What is the value of (-84 + -23 - -17) + 3 + (0 + -1 - 4)?
-92
Evaluate -4 + (11 - (9 - 0)) + -7 + -86 + -1.
-96
What is 238 - (-24 + 126) - 82?
54
Calculate 26 + (3 + (-8 - -10) - -8 - 4).
35
What is -28 - (-97 - (-19 + -3))?
47
What is the value of -9 + (-13 + -10 - -8) + 1 + 47?
24
What is 27 + -9 + 21 - (-5 + 11 + -7)?
40
Calculate -2 - 6 - (24 - (23 - ((8 - -13) + -35))).
5
Calculate 2 + 1 + 16 - (1531 + -1423).
-89
8 - (88 - 4) - (17 + -18 + 15)
-90
What is 23 - ((30 - 17) + (5 - -3) - (5 - -5))?
12
What is the value of 2 + (6 - 10 - ((11 - 17) + -65))?
69
Calculate -4 + (-23 - (24 + -16 - (-13 - -30))).
-18
Calculate 8 - (5 + (-26 - -16 - -8)).
5
What is the value of -71 + -46 + (8 + -10 + (-2 - -1) - 1)?
-121
-10 + (2 - (4 - (-11 + 10) - 8))
-5
Evaluate -1 + -42 + 1 - (-7872 - -7881).
-51
82 - (-6 + 18 + 8 + -22 - (-2 - -5))
87
Evaluate (1 - 3) + 80 + -50 + -10.
18
Calculate -227 + 224 - (-46 - -8).
35
Calculate 10 - 20 - 1 - (13 + -26).
2
(1 - 8 - (-60 - -58)) + 124 + (-1 - 0)
118
-7 + 3 + -12 + (192 - (136 + -26))
66
Calculate 0 + 6 + -2 - ((-18 - -10) + 18) - -21.
15
-18 - (-4 + (25 - (-1 + 20)))
-20
What is -65 + 58 + 0 + 4 - (-25 + 1 + -4)?
25
Calculate 1 + 1 + -4 - (1 - (27 - 4 - 71)).
-51
What is (0 - -12) + 946 + -969 + 28 + 2?
19
What is 2 + 112 - (-4 + (-11 - (16 + 5 + -37)))?
113
What is 145 + -133 - (4 + -4 + 7 + -16)?
21
What is (7 - 14) + -6 - (-3 + (-2 - -11))?
-19
What is (39081 - 39073) + -1 + -83 + (0 - 0)?
-76
What is (0 - -83) + (-1382 - -1337)?
38
Calculate 7 + -35 + (-4 - (-2 - 13)).
-17
What is -98 + -10 + 50 + 9?
-49
Evaluate (-29 - -58) + -6 + -7 + -3.
13
(3 + -7 - (5 + -9 + 2)) + -39 + -6
-47
Calculate 3 - -3 - (38 + 3) - (1 + 13).
-49
What is the value of ((19 - 41) + 23 - 3) + -42?
-44
What is the value of (-1 - (-48 + -2)) + (57 - 119 - -58) - 8?
37
Evaluate -17 + 60 + -94 + 13.
-38
What is the value of 10 + (-47 - (16 - (-11 - (2 + -27))))?
-39
What is 55 + -103 + -58 - -48?
-58
What is the value of 26 + 2 - 4 - ((18 - -12) + -12 + -16)?
22
What is the value of -4 + 5 + 2 - (-17 - (-33 - -22))?
9
-1644 - -1646 - (-2 + (-1 - -33 - 0))
-28
107 + (16 + (19 - 16 - 16) - (3 + -7))
114
743 + -761 + -1 + 8 - -6
-5
What is (31 - (-21 + 15) - 10) + -147?
-120
What is the value of (-798 - -812) + (-2 - (48 + 3))?
-39
What is -72 - (48 + -59 + -20)?
-41
Evaluate (-82 + -1 - (16 - 25) - (-26 - -28)) + -1.
-77
What is -78 + 78 - ((22 + -9 - 137) + 1)?
123
Evaluate -10 - (-38 - (-26 - -1) - 50).
53
Evaluate (-29 - -2) + -14 + 15.
-26
Calculate 572 + -601 + 6 + -10 + 81.
48
What is the value of 1 + (-12 - -8 - 14) + -14?
-31
-1082 + 1102 + -70 + (3 - 2)
-49
Calculate (-19 - -2 - -92) + (5 - 10) + 1 + -2.
69
87 - -1 - (4108 + -4058)
38
Evaluate -57 + -8 + 22 + 23.
-20
What is (-2 - 8) + (20 - 10) + (-25 - -2) + -4?
-27
-51 - 1 - (262 - 123 - 174)
-17
What is 2 - -18 - ((80 - -1) + -576 + 604)?
-89
What is the value of (-9 + 5 - -62) + 45 + -44?
59
(-3 - -2) + 0 + -26 + 83
56
Calculate 14 + -7 + -16 + -6 - (4 - 18).
-1
What is the value of -15 - (121 + -46 - 32)?
-58
35 + -68 - -6 - -4
-23
What is the value of 81 - (-3 + 223) - -59?
-80
Calculate 333 + -329 - (-5 - (4 - -34) - -1).
46
Evaluate (20 + -69 - -20) + (1 - -52).
24
What is the value of -116 + -7 + (-86 - (-15 - 96))?
-98
Calculate 10 + (-2 - 3) - (-3 + -21 - 89).
118
Evaluate 7 + (-36 - -23) - (-6 - 35).
35
Calculate -4314 - -4324 - (8 - (0 - -1)).
3
What is (4 - (25 + -50)) + -21 - -146?
154
-15 + (1 - 15) + (19 + 41 - 12)
19
Calculate -146 + 176 - ((-7 - -2) + -8).
43
Evaluate 4 + (-6 - ((7 - -2) + -11)) + 10.
10
What is the value of (51 - 58) + (7 - 6) - 43?
-49
(-9 - -14) + 8 + (1 - -4) + 74 + -1
91
What is -93 + 91 - (10 + -13 + (-2 - (0 - 11)))?
-8
Evaluate (-30 - 3 - -14 - -3) + -35 + -1.
-52
What is the value of (-4 - -7) + 1 + (-6 - 2) + -14?
-18
What is (-2 - 21) + (-746 - -701)?
-68
Calculate -1434 + 1428 + (-9 + (10 - (1 + 4)) - 23).
-33
What is the value of -3 + 25 - 17 - (-25 - -87)?
-57
Calculate 0 - -1 - (21 - 14) - (-2 - -48).
-52
-1 - ((-14 - -47 - 19) + -30 - 63)
78
Calculate 20 + -127 + 182 + -2 + -39.
34
0 - 40 - (12 - 64 - (72 - 101))
-17
What is the value of (-12 - (-22 + (30 - 16) + 11)) + -22?
-37
What is (7 - (30 - (17 + 0))) + -24?
-30
-149 - ((20 - 0 - 29) + 0 + -1 - -7)
-146
Evaluate (-14 - (-9 + 9)) + 3 + (17 - -46).
52
Evaluate -48 + (58 - 7) + 32.
35
What is the value of 113 + -94 - 49 - -115?
85
Evaluate -1 - ((-1 - 8) + 2) - (4352 - 4306).
-40
What is (100 - 4) + (1287 - 1376)?
7
What is -32 + (12 - -9) + 36 + -49?
-24
Calculate (-27251 - -27371) + (-73 - 1).
46
Calculate 107 + -102 + 6 + 10.
21
What is the value of 104 - (48 + (-20 - 3) - 24)?
103
Evaluate (-36 - -42 - (7 - 1)) + 6 + -5 - 59.
-58
What is (-10 - -25) + (16 - (-3 + 14))?
20
(711 - 718 - (-4 - -1)) + 60 + -16
40
What is (11 - -1 - ((6 - -9) + -7)) + -49?
-45
Evaluate 6 - (21 + -8) - (-49 + 40 + 19).
-17
Evaluate 15 - (-226 + 260 - (1 + 19)).
1
-14 - -126 - (-33 + 97)
48
Evaluate (-8 - (-57 + 52)) + (-3 - (1 + -13)).
6
38 + -44 + -8 + -22
-36
-79 + -3 + 1 + (-22 - -32) + 9
-62
What is the value of -7 - 2 - (-13 + -10 + (67 - 79))?
26
Calculate (6 - (-2 + -12 + 23)) + -3 + -9.
-15
What is the value of 72 - 59 - 6 - (-1 + (50 - -2))?
-44
What is (0 - (3 + (-5 - 14)) - -11) + -2?
25
Calculate -13 + 43 - -24 - (13 + -4 + 1).
44
What is the value of (30 - 4 - -40) + -38?
28
What is the value of -26 + 16 + (-6 - (-8 - 4)) + -62?
-66
What is the value of 69 - 20 - 13 - 39?
-3
What is the value of -36 + 4 - (-8 - (-22 - -7) - 22)?
-17
What is the value of 4 + (12 - 16 - -4) - 58?
-54
Evaluate 8 + (0 - 10 - 80).
-82
What is 28 - (-3 + -4 - (82 + -67))?
50
What is 42 - (18 - (0 - -9))?
33
-39 - ((37 - 73 - 110) + -38)
145
What is (97 - (-63 - -138)) + 7 + -1?
28
Calculate -26 + 39 - (67 - 29).
-25
What is the value of (-4 - 2) + -23 + 32 - (0 - 2 - 3)?
8
Calculate 167 + -83 + -33 + (-4 - -14).
61
Evaluate 144 - (19 - (-63 - 0)).
62
Evaluate -19 - (7 + -15) - (-64 - -5).
48
Calculate (52 + -22 - 8) + -6 + -29.
-13
What is the value of -7 + (2 + 1 - ((23 - 16) + -69))?
58
What is the value of 0 + 131 - (18831 + -18741)?
41
What is (-13 + -20 + 52 - 10) + (1 - 2 - 0)?
8
Evaluate (4 + -1 + -3 - 5) + (7 - (-10 - -26)).
-14
What is the value of 130 + (-39 - -23 - (62 - 36))?
88
-133 - (-308 - -140 - -104)
-69
Evaluate (-50 - (-100 - -38) - (1 - -82)) + (0 - -10).
-61
What is 3 + -2 - (1 - 1) - (-1645 + 1629) - -14?
31
What is the value of 0 + (15 - (41 - 18) - -27)?
19
What is the value of 21 + -2 + 56 + -72?
3
(-41 - (2 - (1 - -2))) + (-221 - -308) + -97
-50
Calculate